prime factors of b.
17
Let i(l) = 20*l + 1. List the prime factors of i(13).
3, 29
Let j = 8 - 6. Suppose -3*o + j*g - 200 = o, g = o + 50. List the prime factors of o/(-4) - (-2)/(-4).
2, 3
Let a be 1660/18 + 2 + 6/(-27). Suppose -a - 15 = -n. What are the prime factors of n?
109
Let c(u) = -2*u**3 + 3*u - 2. Let y be c(1). What are the prime factors of -1 + 1 + (-46)/y?
2, 23
Suppose -225*f = -232*f + 6671. List the prime factors of f.
953
Let o be (3/4)/((-14)/(-56)). Suppose 10 = d - o. Suppose l - d - 23 = 0. List the prime factors of l.
2, 3
Let z = -7 + 7. Let s be 2*(-43 - z) - 1. What are the prime factors of (s/6)/(6/(-12))?
29
Let x be 9/((-5)/20 - 1/4). Let t = x - -27. List the prime factors of t.
3
Suppose 37 = 3*m - 8. Let l = 21 - m. List the prime factors of l.
2, 3
Suppose 5*c = -m + 3*c + 92, 3*m - 5*c = 287. Let i = 41 + m. List the prime factors of i.
3, 5
Let h(g) = 13*g**2 + 3*g - 2. Suppose 4 = -4*p - 3*l - l, p - 5*l = 17. Let i be h(p). Let k = 79 - i. What are the prime factors of k?
23
Suppose y - 3 - 1 = 0. Suppose 5*m + 3*n = -3, -m = 3*n - 1 + y. Suppose m = 9*a - 6*a - 63. List the prime factors of a.
3, 7
Suppose -5*i + 16 = -i. Suppose 3*v + i*g = v + 72, -20 = 5*g. What are the prime factors of v?
2, 11
Suppose -3*y - y - 3*s + 721 = 0, 2*y + 5*s - 357 = 0. Let o = y + -87. List the prime factors of o.
2, 47
Suppose -71*j = -896 - 169. What are the prime factors of j?
3, 5
Suppose -2*y + 3*h - 11 = 0, 0*h = -y - 2*h - 23. Let l = 18 + y. List the prime factors of (-5)/(l/(-12)) + 2.
2, 7
Let z = 455 - 278. List the prime factors of z.
3, 59
Let j be (-9)/(-4) + 6/8. Suppose 0*m + 12 = j*m. Suppose 260 = l + m*l. List the prime factors of l.
2, 13
Let d = 129 - 126. List the prime factors of 1*((-2 - d) + 12).
7
Suppose -a + 4 = 0, 4*q - 172 = -4*a + 2904. What are the prime factors of q?
3, 5, 17
Let t(r) = 2*r**2 - 11*r + 1. Let g be t(5). Let u be 35*g*(-1)/10. Let k = u - 8. What are the prime factors of k?
2, 3
Let o = 3304 + -1209. List the prime factors of o.
5, 419
Suppose 2*r + 5*x - 10 = 2, 0 = 5*r - 5*x - 30. Let s(l) = 6 + 0*l + 3*l + 0*l + 6. List the prime factors of s(r).
2, 3, 5
Let z(m) = 2*m**3 + 135*m**2 - 80*m - 56. What are the prime factors of z(-68)?
2, 5, 19
Suppose 35 = 5*p - 30. Suppose -p*w = -3*w - 600. What are the prime factors of w?
2, 3, 5
Let v(n) = -n**2 + n + 49. Let o be v(0). Suppose 3*m - o = 4*y + y, 0 = -3*m - y + 19. Suppose 0 = -3*i + 71 - m. List the prime factors of i.
3, 7
Let f = 710 - -261. List the prime factors of f.
971
List the prime factors of (1 - -1)*-4 + 574.
2, 283
Let z(o) = 33*o + 33*o - 67*o + o**2 - 17. List the prime factors of z(-9).
73
Let c(a) = -a**3 + 9*a**2 - 14*a - 19. Let b be c(7). What are the prime factors of 22/(-209) - 553/b?
29
What are the prime factors of 1865/(-10)*(1 + (0 - 3))?
373
Let m = 101 + -49. Let j = m - 20. List the prime factors of j.
2
Let j = -1 + 11. List the prime factors of (105/j)/(1 - (-2)/(-4)).
3, 7
Let d be 3/9 + (-11)/(-3). What are the prime factors of 39 + (d - 4 - -4)?
43
Let i = 83 - 79. Let o(n) = 29*n + 2. Let g be o(5). Suppose -2*k + i*a + g - 7 = 0, -k + 5*a = -82. List the prime factors of k.
2, 31
Suppose -51*a + 810 = -50*a. List the prime factors of a.
2, 3, 5
Let j = -55 + 60. Suppose 15 = -j*w, w = -3*m - m + 621. What are the prime factors of m?
2, 3, 13
Let w be ((-4)/(-4))/(1 + (-6)/8). Let g = 9 - w. List the prime factors of g.
5
Let x = 34 - 36. Let r(g) = -9*g**3 - g**2 - 4*g - 4. What are the prime factors of r(x)?
2, 3
Let g(t) be the second derivative of -7*t**3/6 + 3*t**2/2 - 8*t. Let x be g(-3). What are the prime factors of (2/3)/(x/1116)?
31
Let z(r) = r**2 - 3*r - 2. Let m(l) = -l**2 + 3*l + 1. Let o(w) = 4*m(w) + 5*z(w). Let p be o(9). Suppose 0*s = 4*s - p. What are the prime factors of s?
2, 3
Let y be (4/4)/(3/(-66)). Let q = 22 + y. Let k(b) = -b**2 + b + 45. What are the prime factors of k(q)?
3, 5
Suppose -2*z = -17*m + 19*m - 4962, m - 1 = 0. List the prime factors of z.
2, 5, 31
What are the prime factors of (8/(-14) - 0) + 71022/294?
241
Let h = -2 - -6. Suppose 0*d - 2*d = 2*d. What are the prime factors of (-28 - d)/(h/(-2))?
2, 7
Let d(n) = n - 24. Let c be d(24). Suppose 4*r + 0*z - z - 1138 = c, 0 = 3*z + 6. What are the prime factors of r?
2, 71
What are the prime factors of 53 - -336 - (-1 + -6)?
2, 3, 11
Let w be 8*((-20)/8 + 2). Let q(i) = -5*i + 2. Let o be q(w). What are the prime factors of 1/(24/o - 1)?
11
Let g be 16*(-3 - 21/(-6)). Let j(k) = -k**3 + 10*k**2 - 8*k - 2. List the prime factors of j(g).
2, 31
What are the prime factors of ((-3 - -5) + 690)*2?
2, 173
Let f(s) = -1 + 3*s - 3*s**2 + s - s + 2*s**2. Let b be f(3). List the prime factors of (30 - -7) + (b - 1).
5, 7
Suppose 0*y = y - 2. What are the prime factors of y/6 + (-382)/(-6)?
2
Let p(j) = -7*j**2 + 6*j**2 - 2 - 93*j**3 - 149*j**3 - 2*j. What are the prime factors of p(-1)?
241
Suppose -2*i = 0, -119 = 3*l - 5*i - 2705. Suppose 0 = -4*y + 3*o + l, 5*y + 2*o = -0*y + 1089. What are the prime factors of y?
7, 31
Let l(j) = j**3 + 5*j**2 + 4*j + 3. Let h be l(-2). Let m = -44 - -39. Let w = h - m. List the prime factors of w.
2, 3
Let n be (9/(-18))/((-1)/32). Let s = 16 - n. Suppose 0 = -r - 2*l + 7*l + 34, -2*r - 2*l + 68 = s. List the prime factors of r.
2, 17
Let n be -6*((-11)/2 - (-5)/(-10)). Suppose -16*g + 13*g = -n. List the prime factors of g.
2, 3
List the prime factors of -1 - (-12)/9 - (-75724)/132.
2, 7, 41
Suppose 0 = 5*c + 5*f + 558 - 5598, -5*c = -2*f - 5054. Suppose -6*h - 4*h = -c. What are the prime factors of h?
101
Let j(o) = -3*o**2 + 23*o - 29. Let y = -28 - -26. Let q(i) = i**2 - 11*i + 14. Let v(u) = y*j(u) - 5*q(u). List the prime factors of v(-14).
2, 29
Let o(m) be the second derivative of m**3/6 + 4*m**2 + 8*m. What are the prime factors of o(9)?
17
Let h(g) = -10*g - 3. Let l be h(6). Let n = l - -159. What are the prime factors of n?
2, 3
Suppose 4*v - 47 = 505. Suppose -3*o = -3*c + 189, 3*o + v = 2*c + 4*o. List the prime factors of c.
67
Suppose 18*s - 15830 - 17686 = 0. What are the prime factors of s?
2, 7, 19
Let p be (-141)/2*44/(-33). Suppose -d = 4*c - p, -7*d = -3*d + 5*c - 354. What are the prime factors of d?
2, 43
Let p be 56/(-12)*(0 - -3). Suppose -162 = -4*d + 98. Let z = d + p. List the prime factors of z.
3, 17
Suppose -2*q - 27 = -11. Let y(u) = -u**3 - 8*u**2 - 7*u + 9. What are the prime factors of y(q)?
5, 13
Let g = 5 + 2. Suppose 352 = -3*y + g*y. Suppose y = 4*m - 2*m. List the prime factors of m.
2, 11
Let z(t) = 21*t + 390. List the prime factors of z(10).
2, 3, 5
Let r(i) be the first derivative of -3*i**2/2 - 29*i + 7. What are the prime factors of r(-15)?
2
Suppose 269 = 3*h - 2*s, 0*h - 352 = -4*h + 4*s. Let p = -59 + h. What are the prime factors of p?
2, 17
Let t(i) = 2 - i**2 + i + 2 - 2*i + 3*i. Let r be t(2). Suppose -4 = r*b - 20. List the prime factors of b.
2
Let x = 873 - 254. What are the prime factors of x?
619
Suppose d = -2*p + 12, 7*p - 2*p = 3*d + 19. Suppose -3*c + 5*j + 879 = 184, -2*c + 470 = -d*j. What are the prime factors of c?
2, 3, 5
Let s = 12 - -5. What are the prime factors of s/((-3)/(-33) + 0/(-1))?
11, 17
Let v = 140 + -227. Let k = v + 208. What are the prime factors of k?
11
Let c = 25 - 11. List the prime factors of c.
2, 7
Let q = 95 + -29. Suppose -2*m + q = m. Suppose -3*a = -m - 2. List the prime factors of a.
2
Let y = 129 + 282. What are the prime factors of y?
3, 137
Let g(a) = a**3 + 17*a**2 + 15*a - 13. Let u be g(-16). Suppose -3*h + u*w + w = -128, h + 5*w - 11 = 0. Let i = -8 + h. What are the prime factors of i?
2, 7
Let k(z) = 127*z + 298. What are the prime factors of k(9)?
11, 131
Suppose q - 3*z - 1774 = 0, z + 41 = q - 1731. What are the prime factors of q?
7, 11, 23
Suppose 0*x + 5*x - 20 = 5*g, -3*x + 12 = 5*g. Suppose -5*j + 9*j - 192 = g. Suppose -4*u + 4*z = -j + 4, 5*u + 3*z = 23. What are the prime factors of u?
7
Let g(s) = s**3 + 6*s**2 - 2*s - 6. Suppose j = 4*q - 24, -3*q - 3*j - 1 = j. Suppose 6 = -q*u + 4*u. List the prime factors of g(u).
2, 3
Let c = 21 + -18. Suppose -r - c*r + 50 = -v, -26 = -3*r - 5*v. List the prime factors of r.
2, 3
Suppose 0 = -59*j + 63*j